{"id":330,"date":"2024-10-31T15:40:18","date_gmt":"2024-10-31T14:40:18","guid":{"rendered":"https:\/\/debarrascartillier.fr\/?post_type=product&#038;p=330"},"modified":"2024-10-31T15:46:33","modified_gmt":"2024-10-31T14:46:33","slug":"chaises-gaston-viort","status":"publish","type":"product","link":"https:\/\/debarrascartillier.fr\/index.php\/produit\/chaises-gaston-viort\/","title":{"rendered":"Chaises Gaston Viort"},"content":{"rendered":"<p>Chaises repeintes en noir et argent.<\/p>\n<p>Elles sont en taule d&rsquo; aluminium embouti et rivet\u00e9es<\/p>\n<p><strong>Dimensions<\/strong> :<\/p>\n<p>&#8211; hauteur 86 cm<\/p>\n<p>&#8211; largeur 57 cm<\/p>\n<p>&#8211; profondeur\u00a0 39 cm<\/p>\n<p><strong>Caract\u00e9ristiques :<\/strong><\/p>\n<p>&#8211; quantit\u00e9 1 lot de 4 exemplaires<\/p>\n<p>&#8211; mat\u00e9riau m\u00e9tal<\/p>\n<p>&#8211; couleur noir<\/p>\n<p>style vintage<\/p>\n<p>&nbsp;<\/p>\n<p>&nbsp;<\/p>\n<p>&nbsp;<\/p>\n","protected":false},"excerpt":{"rendered":"<p>Chaises repeintes en noir et argent. Elles sont en taule d&rsquo; aluminium embouti et rivet\u00e9es Dimensions : &#8211; hauteur 86 cm &#8211; largeur 57 cm &#8211; profondeur\u00a0 39 cm Caract\u00e9ristiques : &#8211; quantit\u00e9 1 lot de 4 exemplaires &#8211; mat\u00e9riau m\u00e9tal &#8211; couleur noir style vintage &nbsp; &nbsp; &nbsp;<\/p>\n","protected":false},"featured_media":331,"comment_status":"open","ping_status":"closed","template":"","meta":{"om_disable_all_campaigns":false,"_monsterinsights_skip_tracking":false,"_monsterinsights_sitenote_active":false,"_monsterinsights_sitenote_note":"","_monsterinsights_sitenote_category":0},"product_brand":[],"product_cat":[21,20],"product_tag":[],"class_list":{"0":"post-330","1":"product","2":"type-product","3":"status-publish","4":"has-post-thumbnail","6":"product_cat-autre","7":"product_cat-meuble","9":"first","10":"instock","11":"sale","12":"shipping-taxable","13":"purchasable","14":"product-type-simple"},"aioseo_notices":[],"_links":{"self":[{"href":"https:\/\/debarrascartillier.fr\/index.php\/wp-json\/wp\/v2\/product\/330","targetHints":{"allow":["GET"]}}],"collection":[{"href":"https:\/\/debarrascartillier.fr\/index.php\/wp-json\/wp\/v2\/product"}],"about":[{"href":"https:\/\/debarrascartillier.fr\/index.php\/wp-json\/wp\/v2\/types\/product"}],"replies":[{"embeddable":true,"href":"https:\/\/debarrascartillier.fr\/index.php\/wp-json\/wp\/v2\/comments?post=330"}],"wp:featuredmedia":[{"embeddable":true,"href":"https:\/\/debarrascartillier.fr\/index.php\/wp-json\/wp\/v2\/media\/331"}],"wp:attachment":[{"href":"https:\/\/debarrascartillier.fr\/index.php\/wp-json\/wp\/v2\/media?parent=330"}],"wp:term":[{"taxonomy":"product_brand","embeddable":true,"href":"https:\/\/debarrascartillier.fr\/index.php\/wp-json\/wp\/v2\/product_brand?post=330"},{"taxonomy":"product_cat","embeddable":true,"href":"https:\/\/debarrascartillier.fr\/index.php\/wp-json\/wp\/v2\/product_cat?post=330"},{"taxonomy":"product_tag","embeddable":true,"href":"https:\/\/debarrascartillier.fr\/index.php\/wp-json\/wp\/v2\/product_tag?post=330"}],"curies":[{"name":"wp","href":"https:\/\/api.w.org\/{rel}","templated":true}]}}