{"id":16,"date":"2023-10-11T13:00:04","date_gmt":"2023-10-11T13:00:04","guid":{"rendered":"https:\/\/vps-3fba2a8a.ynh.fr\/debarras\/?page_id=16"},"modified":"2024-08-24T17:50:33","modified_gmt":"2024-08-24T15:50:33","slug":"creez-votre-site-avec-des-blocs","status":"publish","type":"page","link":"https:\/\/debarrascartillier.fr\/","title":{"rendered":"Entreprise de d\u00e9barras sur la r\u00e9gion Rh\u00f4ne-Alpes"},"content":{"rendered":"\n<h2 class=\"wp-block-heading\">D\u00e9barras \/ Galerie Cartillier : Entreprise de d\u00e9barras sur la r\u00e9gion Rh\u00f4ne-Alpes<\/h2>\n\n\n\n<div class=\"wp-block-columns alignwide are-vertically-aligned-center is-style-twentytwentyone-columns-overlap is-layout-flex wp-container-core-columns-is-layout-9d6595d7 wp-block-columns-is-layout-flex\">\n<div class=\"wp-block-column is-vertically-aligned-center is-layout-flow wp-block-column-is-layout-flow\">\n<figure class=\"wp-block-gallery has-nested-images columns-default is-cropped wp-block-gallery-1 is-layout-flex wp-block-gallery-is-layout-flex\">\n<figure class=\"wp-block-image size-large is-style-default\"><img loading=\"lazy\" decoding=\"async\" width=\"1024\" height=\"812\" data-id=\"167\" src=\"https:\/\/debarrascartillier.fr\/wp-content\/uploads\/2023\/11\/brocante-1024x812.jpg\" alt=\"D\u00e9barras Liergues Accueil\" class=\"wp-image-167\" srcset=\"https:\/\/debarrascartillier.fr\/wp-content\/uploads\/2023\/11\/brocante-1024x812.jpg 1024w, https:\/\/debarrascartillier.fr\/wp-content\/uploads\/2023\/11\/brocante-600x476.jpg 600w, https:\/\/debarrascartillier.fr\/wp-content\/uploads\/2023\/11\/brocante-300x238.jpg 300w, https:\/\/debarrascartillier.fr\/wp-content\/uploads\/2023\/11\/brocante-768x609.jpg 768w, https:\/\/debarrascartillier.fr\/wp-content\/uploads\/2023\/11\/brocante.jpg 1350w\" sizes=\"auto, (max-width: 1024px) 100vw, 1024px\" \/><\/figure>\n<\/figure>\n<\/div>\n<\/div>\n\n\n\n<div class=\"wp-block-columns alignwide are-vertically-aligned-top is-layout-flex wp-container-core-columns-is-layout-9d6595d7 wp-block-columns-is-layout-flex\">\n<div class=\"wp-block-column is-vertically-aligned-top is-layout-flow wp-block-column-is-layout-flow\">\n<h3 class=\"wp-block-heading has-text-align-center\">Nos prestations<\/h3>\n\n\n\n<p class=\"has-text-align-center\">D\u00e9barras de Maisons de la cave au grenier, d&rsquo;Immeubles, d&rsquo;Appartements,<br>Successions, Liquidations, Bureaux, Entrep\u00f4ts, Usines,<br>Recyclages,<br>Destructions d&rsquo;archives,<br>Enl\u00e8vement de d\u00e9chets,<br>D\u00e9sinstallations,<br>Brocante.<\/p>\n\n\n\n<p><\/p>\n<\/div>\n\n\n\n<div class=\"wp-block-column is-layout-flow wp-block-column-is-layout-flow\">\n<h3 class=\"wp-block-heading has-text-align-center\">Devis<\/h3>\n\n\n\n<p class=\"has-text-align-center\">En fonction de vos besoins, nous vous proposons un devis gratuit sur-mesure.<\/p>\n<\/div>\n\n\n\n<div class=\"wp-block-column is-layout-flow wp-block-column-is-layout-flow\">\n<h3 class=\"wp-block-heading has-text-align-center\">Disponibilit\u00e9<\/h3>\n\n\n\n<p>Nous sommes \u00e0 votre service du lundi au vendredi pour le d\u00e9barras et l&rsquo;enl\u00e8vement de vos d\u00e9chets et encombrants.<\/p>\n<\/div>\n<\/div>\n","protected":false},"excerpt":{"rendered":"<p>D\u00e9barras \/ Galerie Cartillier : Entreprise de d\u00e9barras sur la r\u00e9gion Rh\u00f4ne-Alpes Nos prestations D\u00e9barras de Maisons de la cave au grenier, d&rsquo;Immeubles, d&rsquo;Appartements,Successions, Liquidations, Bureaux, Entrep\u00f4ts, Usines,Recyclages,Destructions d&rsquo;archives,Enl\u00e8vement de d\u00e9chets,D\u00e9sinstallations,Brocante. Devis En fonction de vos besoins, nous vous proposons un devis gratuit sur-mesure. Disponibilit\u00e9 Nous sommes \u00e0 votre service du lundi au vendredi pour [&hellip;]<\/p>\n","protected":false},"author":1,"featured_media":0,"parent":0,"menu_order":0,"comment_status":"closed","ping_status":"closed","template":"","meta":{"om_disable_all_campaigns":false,"_monsterinsights_skip_tracking":false,"_monsterinsights_sitenote_active":false,"_monsterinsights_sitenote_note":"","_monsterinsights_sitenote_category":0,"footnotes":""},"class_list":["post-16","page","type-page","status-publish","hentry"],"aioseo_notices":[],"_links":{"self":[{"href":"https:\/\/debarrascartillier.fr\/index.php\/wp-json\/wp\/v2\/pages\/16","targetHints":{"allow":["GET"]}}],"collection":[{"href":"https:\/\/debarrascartillier.fr\/index.php\/wp-json\/wp\/v2\/pages"}],"about":[{"href":"https:\/\/debarrascartillier.fr\/index.php\/wp-json\/wp\/v2\/types\/page"}],"author":[{"embeddable":true,"href":"https:\/\/debarrascartillier.fr\/index.php\/wp-json\/wp\/v2\/users\/1"}],"replies":[{"embeddable":true,"href":"https:\/\/debarrascartillier.fr\/index.php\/wp-json\/wp\/v2\/comments?post=16"}],"version-history":[{"count":12,"href":"https:\/\/debarrascartillier.fr\/index.php\/wp-json\/wp\/v2\/pages\/16\/revisions"}],"predecessor-version":[{"id":336,"href":"https:\/\/debarrascartillier.fr\/index.php\/wp-json\/wp\/v2\/pages\/16\/revisions\/336"}],"wp:attachment":[{"href":"https:\/\/debarrascartillier.fr\/index.php\/wp-json\/wp\/v2\/media?parent=16"}],"curies":[{"name":"wp","href":"https:\/\/api.w.org\/{rel}","templated":true}]}}